{"id":6138,"date":"2024-02-28T14:32:50","date_gmt":"2024-02-28T14:32:50","guid":{"rendered":"https:\/\/ciapat.org\/?post_type=product&#038;p=6138"},"modified":"2024-04-19T14:40:34","modified_gmt":"2024-04-19T14:40:34","slug":"cortar-con-tijera","status":"publish","type":"product","link":"https:\/\/ciapat.org\/index.php\/producto\/cortar-con-tijera\/","title":{"rendered":"Cortar con tijera"},"content":{"rendered":"<p>CARACTER\u00cdSTICAS<\/p>\n<ul>\n<li>El set cuenta con 30 fichas.<\/li>\n<\/ul>\n","protected":false},"excerpt":{"rendered":"<p>Aprender y practicar el uso y manejo de la tijera \u2702\ufe0f<\/p>\n<p>El aprendizaje del manejo de la tijera es una actividad muy importante para el ni\u00f1o, ya que permite fortalecer los m\u00fasculos de la mano, mejora y estimula el desarrollo de la motricidad fina, la destreza manual, coordinaci\u00f3n bilateral y \u00f3culo-manual, la atenci\u00f3n, el desempe\u00f1o aut\u00f3nomo y mucho m\u00e1s!<\/p>\n<p>El set posibilita:<\/p>\n<ul>\n<li>entrenar el cortar con tijera de menor a mayor complejidad<\/li>\n<li>pegar aprendiendo diferentes formas y figuras<\/li>\n<li>trabajar relaciones espaciales: arriba, abajo, adentro y afuera.<\/li>\n<li>dibujar y discriminar colores<\/li>\n<li>armar el cuerpo humano<\/li>\n<li>usar la creatividad en las 30 opciones que ofrece<\/li>\n<\/ul>\n<p>&nbsp;<\/p>\n<p><strong>Vuelos crecer con autonom\u00eda<\/strong><\/p>\n<p><strong>Web<\/strong>: https:\/\/vuelo.empretienda.com.ar\/<\/p>\n<p><strong>IG:<\/strong> https:\/\/www.instagram.com\/vuelocrecerconautonomia\/<\/p>\n","protected":false},"featured_media":6147,"template":"","meta":[],"product_brand":[],"product_cat":[93,84,79],"product_tag":[639,872,677,703],"class_list":{"0":"post-6138","1":"product","2":"type-product","3":"status-publish","4":"has-post-thumbnail","6":"product_cat-comunicacion","7":"product_cat-educacion","8":"product_cat-recreacion","9":"product_tag-comunicacion","10":"product_tag-educacion","11":"product_tag-producto-de-apoyo-para-la-comunicacion","12":"product_tag-producto-de-apoyo-para-la-recreacion","13":"pa_clase-05-productos-de-apoyo-para-el-entrenamiento-de-habilidades","14":"pa_sub-clase-33-productos-de-apoyo-para-el-entrenamiento-en-actividades-de-la-vida-diaria","16":"first","17":"instock","18":"shipping-taxable","19":"product-type-simple"},"_links":{"self":[{"href":"https:\/\/ciapat.org\/index.php\/wp-json\/wp\/v2\/product\/6138","targetHints":{"allow":["GET"]}}],"collection":[{"href":"https:\/\/ciapat.org\/index.php\/wp-json\/wp\/v2\/product"}],"about":[{"href":"https:\/\/ciapat.org\/index.php\/wp-json\/wp\/v2\/types\/product"}],"wp:featuredmedia":[{"embeddable":true,"href":"https:\/\/ciapat.org\/index.php\/wp-json\/wp\/v2\/media\/6147"}],"wp:attachment":[{"href":"https:\/\/ciapat.org\/index.php\/wp-json\/wp\/v2\/media?parent=6138"}],"wp:term":[{"taxonomy":"product_brand","embeddable":true,"href":"https:\/\/ciapat.org\/index.php\/wp-json\/wp\/v2\/product_brand?post=6138"},{"taxonomy":"product_cat","embeddable":true,"href":"https:\/\/ciapat.org\/index.php\/wp-json\/wp\/v2\/product_cat?post=6138"},{"taxonomy":"product_tag","embeddable":true,"href":"https:\/\/ciapat.org\/index.php\/wp-json\/wp\/v2\/product_tag?post=6138"}],"curies":[{"name":"wp","href":"https:\/\/api.w.org\/{rel}","templated":true}]}}