{"id":1185,"date":"2019-08-01T18:18:31","date_gmt":"2019-08-01T18:18:31","guid":{"rendered":"https:\/\/ciapat.org:90\/?page_id=1185"},"modified":"2024-02-17T03:05:09","modified_gmt":"2024-02-17T03:05:09","slug":"buenas-practicas","status":"publish","type":"page","link":"https:\/\/ciapat.org\/index.php\/buenas-practicas\/","title":{"rendered":"Buenas Practicas"},"content":{"rendered":"<p><div class=\"fusion-bg-parallax\" data-bg-align=\"left center\" data-direction=\"left\" data-mute=\"false\" data-opacity=\"100\" data-velocity=\"-0.4\" data-mobile-enabled=\"false\" data-break_parents=\"0\" data-bg-image=\"https:\/\/ciapat.org\/wp-content\/uploads\/2016\/01\/header-image-departments.jpg\" data-bg-repeat=\"false\" ><\/div><div class=\"fusion-fullwidth fullwidth-box fusion-builder-row-1 fusion-flex-container fusion-parallax-left nonhundred-percent-fullwidth non-hundred-percent-height-scrolling\" style=\"--awb-background-position:left center;--awb-border-sizes-top:0px;--awb-border-sizes-bottom:0px;--awb-border-sizes-left:0px;--awb-border-sizes-right:0px;--awb-border-radius-top-left:0px;--awb-border-radius-top-right:0px;--awb-border-radius-bottom-right:0px;--awb-border-radius-bottom-left:0px;--awb-padding-top:10%;--awb-padding-right:5%;--awb-padding-bottom:10%;--awb-padding-left:5%;--awb-background-image:url(&quot;https:\/\/ciapat.org\/wp-content\/uploads\/2016\/01\/header-image-departments.jpg&quot;);--awb-background-size:cover;--awb-flex-wrap:wrap;\" ><div class=\"fusion-builder-row fusion-row fusion-flex-align-items-flex-start fusion-flex-content-wrap\" style=\"max-width:calc( 1100px + 0px );margin-left: calc(-0px \/ 2 );margin-right: calc(-0px \/ 2 );\"><div class=\"fusion-layout-column fusion_builder_column fusion-builder-column-0 fusion_builder_column_1_1 1_1 fusion-flex-column\" style=\"--awb-bg-size:cover;--awb-width-large:100%;--awb-margin-top-large:0px;--awb-spacing-right-large:0px;--awb-margin-bottom-large:30px;--awb-spacing-left-large:0px;--awb-width-medium:100%;--awb-spacing-right-medium:0px;--awb-spacing-left-medium:0px;--awb-width-small:100%;--awb-spacing-right-small:0px;--awb-spacing-left-small:0px;\"><div class=\"fusion-column-wrapper fusion-flex-justify-content-flex-start fusion-content-layout-column\"><div class=\"fusion-text fusion-text-1\"><h1 style=\"text-align: center;\"><span style=\"color: #ffffff;\">CIAPAT<\/span><\/h1>\n<p style=\"font-size: 24px; line-height: 36px; text-align: center;\"><span style=\"color: #ffffff;\">Registro de buenas Pr\u00e1cticas inclusivas.<\/span><\/p>\n<\/div><div class=\"fusion-separator fusion-full-width-sep\" style=\"align-self: center;margin-left: auto;margin-right: auto;margin-top:10px;margin-bottom:10px;width:100%;\"><\/div><\/div><\/div><\/div><\/div><div class=\"fusion-fullwidth fullwidth-box fusion-builder-row-2 fusion-flex-container nonhundred-percent-fullwidth non-hundred-percent-height-scrolling\" style=\"--awb-background-position:left top;--awb-border-sizes-top:0px;--awb-border-sizes-bottom:0px;--awb-border-sizes-left:0px;--awb-border-sizes-right:0px;--awb-border-radius-top-left:0px;--awb-border-radius-top-right:0px;--awb-border-radius-bottom-right:0px;--awb-border-radius-bottom-left:0px;--awb-padding-top:100px;--awb-padding-bottom:100px;--awb-flex-wrap:wrap;\" ><div class=\"fusion-builder-row fusion-row fusion-flex-align-items-flex-start fusion-flex-content-wrap\" style=\"max-width:1144px;margin-left: calc(-4% \/ 2 );margin-right: calc(-4% \/ 2 );\"><div class=\"fusion-layout-column fusion_builder_column fusion-builder-column-1 fusion_builder_column_1_6 1_6 fusion-flex-column fusion-no-small-visibility\" style=\"--awb-bg-size:cover;--awb-width-large:16.666666666667%;--awb-margin-top-large:0px;--awb-spacing-right-large:11.52%;--awb-margin-bottom-large:30px;--awb-spacing-left-large:11.52%;--awb-width-medium:16.666666666667%;--awb-spacing-right-medium:11.52%;--awb-spacing-left-medium:11.52%;--awb-width-small:100%;--awb-spacing-right-small:1.92%;--awb-spacing-left-small:1.92%;\"><div class=\"fusion-column-wrapper fusion-flex-justify-content-flex-start fusion-content-layout-column\"><\/div><\/div><div class=\"fusion-layout-column fusion_builder_column fusion-builder-column-2 fusion_builder_column_2_3 2_3 fusion-flex-column\" style=\"--awb-bg-size:cover;--awb-width-large:66.666666666667%;--awb-margin-top-large:0px;--awb-spacing-right-large:2.88%;--awb-margin-bottom-large:30px;--awb-spacing-left-large:2.88%;--awb-width-medium:66.666666666667%;--awb-spacing-right-medium:2.88%;--awb-spacing-left-medium:2.88%;--awb-width-small:100%;--awb-spacing-right-small:1.92%;--awb-spacing-left-small:1.92%;\"><div class=\"fusion-column-wrapper fusion-flex-justify-content-flex-start fusion-content-layout-column\"><div class=\"fusion-image-element \" style=\"text-align:center;--awb-caption-title-font-family:var(--h2_typography-font-family);--awb-caption-title-font-weight:var(--h2_typography-font-weight);--awb-caption-title-font-style:var(--h2_typography-font-style);--awb-caption-title-size:var(--h2_typography-font-size);--awb-caption-title-transform:var(--h2_typography-text-transform);--awb-caption-title-line-height:var(--h2_typography-line-height);--awb-caption-title-letter-spacing:var(--h2_typography-letter-spacing);\"><span class=\" fusion-imageframe imageframe-none imageframe-1 hover-type-none\"><img decoding=\"async\" width=\"150\" height=\"150\" title=\"iconos-01\" src=\"https:\/\/ciapat.org\/wp-content\/uploads\/2019\/07\/iconos-01-2.jpg\" alt class=\"img-responsive wp-image-1048\" srcset=\"https:\/\/ciapat.org\/wp-content\/uploads\/2019\/07\/iconos-01-2-66x66.jpg 66w, https:\/\/ciapat.org\/wp-content\/uploads\/2019\/07\/iconos-01-2-100x100.jpg 100w, https:\/\/ciapat.org\/wp-content\/uploads\/2019\/07\/iconos-01-2.jpg 150w\" sizes=\"(max-width: 150px) 100vw, 150px\" \/><\/span><\/div><div class=\"fusion-separator fusion-full-width-sep\" style=\"align-self: center;margin-left: auto;margin-right: auto;margin-top:20px;width:100%;\"><\/div><div class=\"fusion-text fusion-text-2\"><h2 style=\"text-align: center;\">Centro Iberoamericano de Autonom\u00eda Personal y Ayudas T\u00e9cnicas<\/h2>\n<\/div><div class=\"fusion-text fusion-text-3\"><h3 style=\"text-align: center; font-size: 18px; line-height: 24px;\">El Banco de Buenas Pr\u00e1cticas surge con el objetivo de recopilar todas aquellas experiencias que puedan transferir conocimiento en la utilizaci\u00f3n de tecnolog\u00edas y productos de apoyo que favorezcan la accesibilidad, la autonomia personal, el ejercicio de los derechos y la participacion plena de las personas con discapacidad y de los adultos mayores.<br \/>\nSurge para dar respuesta a las necesidades detectadas por el CIAPAT en su relacionamiento con organismos gubernamentales, empresas, usuarios de tecnolog\u00edas, desarrolladores de productos, docentes, p\u00fablico en general.<br \/>\nEl banco de buenas pr\u00e1cticas pone a disposici\u00f3n de la sociedad la informacion relevada para que puedan conocerla, valorarla y compartirla.<\/h3>\n<\/div><\/div><\/div><div class=\"fusion-layout-column fusion_builder_column fusion-builder-column-3 fusion_builder_column_1_6 1_6 fusion-flex-column fusion-no-small-visibility\" style=\"--awb-bg-size:cover;--awb-width-large:16.666666666667%;--awb-margin-top-large:0px;--awb-spacing-right-large:11.52%;--awb-margin-bottom-large:30px;--awb-spacing-left-large:11.52%;--awb-width-medium:16.666666666667%;--awb-spacing-right-medium:11.52%;--awb-spacing-left-medium:11.52%;--awb-width-small:100%;--awb-spacing-right-small:1.92%;--awb-spacing-left-small:1.92%;\"><div class=\"fusion-column-wrapper fusion-flex-justify-content-flex-start fusion-content-layout-column\"><\/div><\/div><\/div><\/div><div class=\"fusion-fullwidth fullwidth-box fusion-builder-row-3 fusion-flex-container hundred-percent-fullwidth non-hundred-percent-height-scrolling\" style=\"--awb-background-position:left top;--awb-border-sizes-top:0px;--awb-border-sizes-bottom:0px;--awb-border-sizes-left:0px;--awb-border-sizes-right:0px;--awb-border-radius-top-left:0px;--awb-border-radius-top-right:0px;--awb-border-radius-bottom-right:0px;--awb-border-radius-bottom-left:0px;--awb-padding-top:20px;--awb-padding-right:12%;--awb-padding-bottom:115px;--awb-padding-left:12%;--awb-background-color:#f7f7f7;--awb-flex-wrap:wrap;\" ><div class=\"fusion-builder-row fusion-row fusion-flex-align-items-flex-start fusion-flex-content-wrap\" style=\"width:calc( 100% + 0px ) !important;max-width:calc( 100% + 0px ) !important;margin-left: calc(-0px \/ 2 );margin-right: calc(-0px \/ 2 );\"><div class=\"fusion-layout-column fusion_builder_column fusion-builder-column-4 fusion_builder_column_1_1 1_1 fusion-flex-column\" style=\"--awb-bg-size:cover;--awb-width-large:100%;--awb-margin-top-large:0px;--awb-spacing-right-large:0px;--awb-margin-bottom-large:30px;--awb-spacing-left-large:0px;--awb-width-medium:100%;--awb-spacing-right-medium:0px;--awb-spacing-left-medium:0px;--awb-width-small:100%;--awb-spacing-right-small:0px;--awb-spacing-left-small:0px;\"><div class=\"fusion-column-wrapper fusion-flex-justify-content-flex-start fusion-content-layout-column\"><div class=\"fusion-text fusion-text-4\"><h3 style=\"color: #333c4e; text-align: left;\">\u00bfQue es una buena pr\u00e1ctica?<\/h3>\n<\/div><div class=\"fusion-text fusion-text-5\"><p>Es una experiencia concreta que como resultado ha generado un nuevo producto o un procedimiento beneficioso para la comunidad.<br \/>\nAporta lecciones valiosas para ser compartidas por otras personas.<br \/>\nEl concepto de buenas pr\u00e1cticas se utiliza para un gran variedad de situaciones y contextos en referencia con las mejores formas de realizar un proceso, experiencia o producto.<br \/>\nPara que una experiencia sea considerada buena pr\u00e1ctica debe estar documentada para servir de modelo a otros interesados.<\/p>\n<\/div><\/div><\/div><div class=\"fusion-layout-column fusion_builder_column fusion-builder-column-5 fusion_builder_column_1_1 1_1 fusion-flex-column\" style=\"--awb-bg-size:cover;--awb-width-large:100%;--awb-margin-top-large:0px;--awb-spacing-right-large:0px;--awb-margin-bottom-large:30px;--awb-spacing-left-large:0px;--awb-width-medium:100%;--awb-spacing-right-medium:0px;--awb-spacing-left-medium:0px;--awb-width-small:100%;--awb-spacing-right-small:0px;--awb-spacing-left-small:0px;\"><div class=\"fusion-column-wrapper fusion-flex-justify-content-flex-start fusion-content-layout-column\"><div class=\"fusion-text fusion-text-6\"><h3 style=\"color: #333c4e; text-align: left;\">Caracter\u00edsticas de las Buenas Pr\u00e1cticas<\/h3>\n<\/div><div class=\"fusion-text fusion-text-7\"><p class=\"AgreenText\">Las experiencias documentadas deben ser:<\/p>\n<ul class=\"catalogo\">\n<li class=\"catalogo\"><strong>Innovadoras:<\/strong> porque aportan soluciones nuevas o creativas.<\/li>\n<li class=\"catalogo\"><strong>Efectivas:<\/strong> muestran un impacto positivo y tangible sobre la mejora.<\/li>\n<li class=\"catalogo\"><strong>Sostenibles:<\/strong> son soluciones que pueden mantenerse en el tiempo y producir efectos duraderos.<\/li>\n<li class=\"catalogo\"><strong>Replicables:<\/strong> Sirven como modelo para desarrollar pol\u00edticas y motivar para que otras ideas, iniciativas y actuaciones se desarrollen en otros lugares.<\/li>\n<\/ul>\n<\/div><\/div><\/div><div class=\"fusion-layout-column fusion_builder_column fusion-builder-column-6 fusion_builder_column_1_1 1_1 fusion-flex-column\" style=\"--awb-bg-size:cover;--awb-width-large:100%;--awb-margin-top-large:0px;--awb-spacing-right-large:0px;--awb-margin-bottom-large:30px;--awb-spacing-left-large:0px;--awb-width-medium:100%;--awb-spacing-right-medium:0px;--awb-spacing-left-medium:0px;--awb-width-small:100%;--awb-spacing-right-small:0px;--awb-spacing-left-small:0px;\"><div class=\"fusion-column-wrapper fusion-flex-justify-content-flex-start fusion-content-layout-column\"><div class=\"fusion-text fusion-text-8\"><h3 style=\"color: #333c4e; text-align: left;\">Criterios de Selecci\u00f3n de Buenas Pr\u00e1cticas<\/h3>\n<\/div><div class=\"fusion-text fusion-text-9\"><p class=\"AgreenText\">El CIAPAT realizara la selecci\u00f3n teniendo en cuenta los criterios y pautas que a continuaci\u00f3n se detallan:<\/p>\n<ul class=\"catalogo\">\n<li class=\"catalogo\">Debe responder a una necesidad sentida, manifiesta o latente de los usuarios, t\u00e9cnicos u otras partes interesadas de una organizaci\u00f3n.<\/li>\n<li class=\"catalogo\">Debe aportar una mejora notable en la calidad de vida y en el entorno de las personas con discapacidad, adultos mayores en situaci\u00f3n de dependencia y\/o en sus familias.<\/li>\n<li class=\"catalogo\">Debe ser algo innovador que incorpore conocimientos o avances en la utilizaci\u00f3n de tecnolog\u00edas y productos de apoyo.<\/li>\n<li class=\"catalogo\">Debe poder documentarse: aportar datos o evidencias concretas, tanto para justificar su necesidad como para demostrar sus resultados.<\/li>\n<li class=\"catalogo\">Debe brindar garant\u00edas de continuidad y ser sostenible (econ\u00f3mica, organizativa y t\u00e9cnicamente) a largo plazo, hasta que se mejore o reemplace por otra.<\/li>\n<li class=\"catalogo\">Debe ser una experiencia motivadora para la sociedad. Es a\u00fan m\u00e1s accesible y escalable si contempla el paradigma del Dise\u00f1o para Todos, considerando desde el principio las necesidades de la poblaci\u00f3n y no al rev\u00e9s.<\/li>\n<li class=\"catalogo\">Debe aportar resultados que impacten individual o socialmente, que tengan repercusi\u00f3n y\/o que generen cambio.<\/li>\n<li class=\"catalogo\">Debe ser flexible, con capacidad de adaptarse a las necesidades individuales y\/o los cambios en el contexto. Es m\u00e1s efectiva y replicable si se construye y transfiere bajo principios de asequibilidad, coste asumible por la comunidad beneficiaria y colaboraci\u00f3n com\u00fan.<\/li>\n<\/ul>\n<\/div><\/div><\/div><div class=\"fusion-layout-column fusion_builder_column fusion-builder-column-7 fusion_builder_column_1_1 1_1 fusion-flex-column\" style=\"--awb-bg-size:cover;--awb-width-large:100%;--awb-margin-top-large:0px;--awb-spacing-right-large:0px;--awb-margin-bottom-large:30px;--awb-spacing-left-large:0px;--awb-width-medium:100%;--awb-spacing-right-medium:0px;--awb-spacing-left-medium:0px;--awb-width-small:100%;--awb-spacing-right-small:0px;--awb-spacing-left-small:0px;\"><div class=\"fusion-column-wrapper fusion-flex-justify-content-flex-start fusion-content-layout-column\"><div class=\"fusion-text fusion-text-10\"><h3 style=\"color: #333c4e; text-align: left;\">Como presentar una Buena Pr\u00e1ctica<\/h3>\n<\/div><div class=\"fusion-text fusion-text-11\"><p class=\"AgreenText\">Cualquier persona, organizaci\u00f3n, entidad que quiera presentar su experiencia al Banco de Buenas Pr\u00e1cticas del CIAPAT, deber\u00e1 contactar a: <a href=\"mailto:buenaspracticas@ciapat.org\">buenaspracticas@ciapat.org<\/a><\/p>\n<\/div><\/div><\/div><div class=\"fusion-layout-column fusion_builder_column fusion-builder-column-8 fusion_builder_column_1_1 1_1 fusion-flex-column\" style=\"--awb-bg-size:cover;--awb-width-large:100%;--awb-margin-top-large:0px;--awb-spacing-right-large:0px;--awb-margin-bottom-large:30px;--awb-spacing-left-large:0px;--awb-width-medium:100%;--awb-spacing-right-medium:0px;--awb-spacing-left-medium:0px;--awb-width-small:100%;--awb-spacing-right-small:0px;--awb-spacing-left-small:0px;\"><div class=\"fusion-column-wrapper fusion-flex-justify-content-flex-start fusion-content-layout-column\"><div class=\"fusion-text fusion-text-12\"><h3 style=\"color: #333c4e; text-align: left;\">\u00bfEn qu\u00e9 consiste la valoraci\u00f3n de las Buenas Pr\u00e1cticas?<\/h3>\n<\/div><div class=\"fusion-text fusion-text-13\"><p>Desde el CIAPAT, se realiza la recopilaci\u00f3n, selecci\u00f3n y publicaci\u00f3n de aquellas buenas pr\u00e1cticas que respondan a los criterios antes mencionados. Los usuarios del sitio web del CIAPAT pueden realizar comentarios, opinar y valorar cada experiencia. Si desea valorar una buena pr\u00e1ctica, deber\u00e1 emitir su opini\u00f3n en el espacio que se destina a tal fin, al finalizar la descripci\u00f3n de cada pr\u00e1ctica. El CIAPAT no realiza ning\u00fan tipo de moderaci\u00f3n ni control sobre estas valoraciones, de las que \u00fanicamente son responsables los usuarios del sitio. Dichas valoraciones no representan en modo alguno la opini\u00f3n del CIAPAT.<\/p>\n<\/div><div class=\"fusion-separator fusion-full-width-sep\" style=\"align-self: center;margin-left: auto;margin-right: auto;margin-bottom:200px;width:100%;\"><\/div><div style=\"text-align:center;\"><a class=\"fusion-button button-flat button-xlarge button-default fusion-button-default button-1 fusion-button-default-span fusion-button-default-type\" target=\"_self\" href=\"noticias\/\"><span class=\"fusion-button-text\">VER TODAS LAS NOTICIAS<\/span><\/a><\/div><\/div><\/div><\/div><\/div><\/p>\n","protected":false},"excerpt":{"rendered":"","protected":false},"author":7,"featured_media":0,"parent":0,"menu_order":0,"comment_status":"closed","ping_status":"closed","template":"100-width.php","meta":{"footnotes":""},"class_list":["post-1185","page","type-page","status-publish","hentry"],"_links":{"self":[{"href":"https:\/\/ciapat.org\/index.php\/wp-json\/wp\/v2\/pages\/1185","targetHints":{"allow":["GET"]}}],"collection":[{"href":"https:\/\/ciapat.org\/index.php\/wp-json\/wp\/v2\/pages"}],"about":[{"href":"https:\/\/ciapat.org\/index.php\/wp-json\/wp\/v2\/types\/page"}],"author":[{"embeddable":true,"href":"https:\/\/ciapat.org\/index.php\/wp-json\/wp\/v2\/users\/7"}],"replies":[{"embeddable":true,"href":"https:\/\/ciapat.org\/index.php\/wp-json\/wp\/v2\/comments?post=1185"}],"version-history":[{"count":10,"href":"https:\/\/ciapat.org\/index.php\/wp-json\/wp\/v2\/pages\/1185\/revisions"}],"predecessor-version":[{"id":6120,"href":"https:\/\/ciapat.org\/index.php\/wp-json\/wp\/v2\/pages\/1185\/revisions\/6120"}],"wp:attachment":[{"href":"https:\/\/ciapat.org\/index.php\/wp-json\/wp\/v2\/media?parent=1185"}],"curies":[{"name":"wp","href":"https:\/\/api.w.org\/{rel}","templated":true}]}}